{"id":193,"date":"2014-10-31T22:15:53","date_gmt":"2014-10-31T21:15:53","guid":{"rendered":"http:\/\/www.pixelnubium.be\/?page_id=193"},"modified":"2021-12-10T18:08:27","modified_gmt":"2021-12-10T17:08:27","slug":"mes-applications-favorites","status":"publish","type":"page","link":"https:\/\/www.pixelnubium.be\/?page_id=193","title":{"rendered":"Les applications indispensables"},"content":{"rendered":"<h6>Comment choisir son application ?<\/p>\n<p>Si l&rsquo;iPhone b\u00e9n\u00e9ficie d&rsquo;une technologie de pointe dans son optique et son capteur, je dois admettre qu&rsquo;une bonne application aide consid\u00e9rablement \u00e0 obtenir une belle photo.<\/p>\n<p>En attendant un hit parade de mes applications pr\u00e9f\u00e9r\u00e9es, je vous renvoie vers l&rsquo;une de mes applications favorite, <a href=\"http:\/\/hipstamatic.com\/hipstamatic-black-and-white\/\" target=\"_blank\" rel=\"noopener\">Hipstamatic<\/a>.<\/h6>\n","protected":false},"excerpt":{"rendered":"<p>Comment choisir son application ? Si l&rsquo;iPhone b\u00e9n\u00e9ficie d&rsquo;une technologie de pointe dans son optique et son capteur, je dois admettre qu&rsquo;une bonne application aide consid\u00e9rablement \u00e0 obtenir une belle photo. En attendant un hit parade de mes applications pr\u00e9f\u00e9r\u00e9es, je vous renvoie vers l&rsquo;une de mes applications favorite, Hipstamatic.<\/p>\n","protected":false},"author":1,"featured_media":0,"parent":0,"menu_order":0,"comment_status":"closed","ping_status":"open","template":"","meta":{"jetpack_post_was_ever_published":false,"footnotes":""},"class_list":["post-193","page","type-page","status-publish","hentry","post","no-featured-image"],"jetpack_sharing_enabled":true,"jetpack_shortlink":"https:\/\/wp.me\/P5m6W4-37","_links":{"self":[{"href":"https:\/\/www.pixelnubium.be\/index.php?rest_route=\/wp\/v2\/pages\/193","targetHints":{"allow":["GET"]}}],"collection":[{"href":"https:\/\/www.pixelnubium.be\/index.php?rest_route=\/wp\/v2\/pages"}],"about":[{"href":"https:\/\/www.pixelnubium.be\/index.php?rest_route=\/wp\/v2\/types\/page"}],"author":[{"embeddable":true,"href":"https:\/\/www.pixelnubium.be\/index.php?rest_route=\/wp\/v2\/users\/1"}],"replies":[{"embeddable":true,"href":"https:\/\/www.pixelnubium.be\/index.php?rest_route=%2Fwp%2Fv2%2Fcomments&post=193"}],"version-history":[{"count":7,"href":"https:\/\/www.pixelnubium.be\/index.php?rest_route=\/wp\/v2\/pages\/193\/revisions"}],"predecessor-version":[{"id":2161,"href":"https:\/\/www.pixelnubium.be\/index.php?rest_route=\/wp\/v2\/pages\/193\/revisions\/2161"}],"wp:attachment":[{"href":"https:\/\/www.pixelnubium.be\/index.php?rest_route=%2Fwp%2Fv2%2Fmedia&parent=193"}],"curies":[{"name":"wp","href":"https:\/\/api.w.org\/{rel}","templated":true}]}}