{"id":255,"date":"2014-11-01T21:58:39","date_gmt":"2014-11-01T20:58:39","guid":{"rendered":"http:\/\/www.pixelnubium.be\/?page_id=255"},"modified":"2021-12-10T18:05:25","modified_gmt":"2021-12-10T17:05:25","slug":"les-sites-internet","status":"publish","type":"page","link":"https:\/\/www.pixelnubium.be\/?page_id=255","title":{"rendered":"Faut-il encore un appareil photo ?"},"content":{"rendered":"<h6>l&rsquo;iPhone a r\u00e9volutionn\u00e9 la mani\u00e8re de prendre des photos.<\/p>\n<p>Personne n&rsquo;y a cru au d\u00e9but et cependant, apr\u00e8s quelques ann\u00e9es de balbutiement, l&rsquo;art de la l&rsquo;iphonographie est arriv\u00e9e \u00e0 maturit\u00e9 !<\/p>\n<p>J&rsquo;en veux pour preuve ce&nbsp; site internet qui consacre des prix pour le meilleur de la photographie sur iPhone par le biais d&rsquo;un concours international, le <a href=\"http:\/\/www.ippawards.com\/\" target=\"_blank\" rel=\"noopener\">\u00ab\u00a0Iphone Photography Awards.\u00a0\u00bb<\/a><\/h6>\n","protected":false},"excerpt":{"rendered":"<p>l&rsquo;iPhone a r\u00e9volutionn\u00e9 la mani\u00e8re de prendre des photos. Personne n&rsquo;y a cru au d\u00e9but et cependant, apr\u00e8s quelques ann\u00e9es de balbutiement, l&rsquo;art de la l&rsquo;iphonographie est arriv\u00e9e \u00e0 maturit\u00e9 ! J&rsquo;en veux pour preuve ce&nbsp; site internet qui consacre des prix pour le meilleur de la photographie sur iPhone par le biais d&rsquo;un concours [&hellip;]<\/p>\n","protected":false},"author":1,"featured_media":0,"parent":0,"menu_order":0,"comment_status":"closed","ping_status":"open","template":"","meta":{"jetpack_post_was_ever_published":false,"footnotes":""},"class_list":["post-255","page","type-page","status-publish","hentry","post","no-featured-image"],"jetpack_sharing_enabled":true,"jetpack_shortlink":"https:\/\/wp.me\/P5m6W4-47","_links":{"self":[{"href":"https:\/\/www.pixelnubium.be\/index.php?rest_route=\/wp\/v2\/pages\/255","targetHints":{"allow":["GET"]}}],"collection":[{"href":"https:\/\/www.pixelnubium.be\/index.php?rest_route=\/wp\/v2\/pages"}],"about":[{"href":"https:\/\/www.pixelnubium.be\/index.php?rest_route=\/wp\/v2\/types\/page"}],"author":[{"embeddable":true,"href":"https:\/\/www.pixelnubium.be\/index.php?rest_route=\/wp\/v2\/users\/1"}],"replies":[{"embeddable":true,"href":"https:\/\/www.pixelnubium.be\/index.php?rest_route=%2Fwp%2Fv2%2Fcomments&post=255"}],"version-history":[{"count":8,"href":"https:\/\/www.pixelnubium.be\/index.php?rest_route=\/wp\/v2\/pages\/255\/revisions"}],"predecessor-version":[{"id":2160,"href":"https:\/\/www.pixelnubium.be\/index.php?rest_route=\/wp\/v2\/pages\/255\/revisions\/2160"}],"wp:attachment":[{"href":"https:\/\/www.pixelnubium.be\/index.php?rest_route=%2Fwp%2Fv2%2Fmedia&parent=255"}],"curies":[{"name":"wp","href":"https:\/\/api.w.org\/{rel}","templated":true}]}}