{"id":550,"date":"2014-11-10T22:31:18","date_gmt":"2014-11-10T21:31:18","guid":{"rendered":"http:\/\/www.pixelnubium.be\/?page_id=550"},"modified":"2021-12-11T18:29:41","modified_gmt":"2021-12-11T17:29:41","slug":"noir-blanc-2","status":"publish","type":"page","link":"https:\/\/www.pixelnubium.be\/?page_id=550","title":{"rendered":"ENVIE DE \u00ab\u00a0grain\u00a0\u00bb"},"content":{"rendered":"\n<div class=\"wp-block-image\"><figure class=\"aligncenter size-full\"><img loading=\"lazy\" decoding=\"async\" width=\"280\" height=\"207\" data-attachment-id=\"2303\" data-permalink=\"https:\/\/www.pixelnubium.be\/?attachment_id=2303\" data-orig-file=\"https:\/\/www.pixelnubium.be\/wp-content\/uploads\/280px-Kiev88.jpeg\" data-orig-size=\"280,207\" data-comments-opened=\"1\" data-image-meta=\"{&quot;aperture&quot;:&quot;0&quot;,&quot;credit&quot;:&quot;&quot;,&quot;camera&quot;:&quot;&quot;,&quot;caption&quot;:&quot;&quot;,&quot;created_timestamp&quot;:&quot;0&quot;,&quot;copyright&quot;:&quot;&quot;,&quot;focal_length&quot;:&quot;0&quot;,&quot;iso&quot;:&quot;0&quot;,&quot;shutter_speed&quot;:&quot;0&quot;,&quot;title&quot;:&quot;&quot;,&quot;orientation&quot;:&quot;0&quot;}\" data-image-title=\"280px-Kiev88\" data-image-description=\"\" data-image-caption=\"\" data-medium-file=\"https:\/\/www.pixelnubium.be\/wp-content\/uploads\/280px-Kiev88.jpeg\" data-large-file=\"https:\/\/www.pixelnubium.be\/wp-content\/uploads\/280px-Kiev88.jpeg\" tabindex=\"0\" role=\"button\" src=\"https:\/\/www.pixelnubium.be\/wp-content\/uploads\/280px-Kiev88.jpeg\" alt=\"\" class=\"wp-image-2303\"\/><\/figure><\/div>\n\n\n\n<figure class=\"wp-block-pullquote\"><blockquote><p>KIEV 88<\/p><cite>J&rsquo;ai craqu\u00e9 pour cet appareil moyen format qui a eu une vie anterieure en uzbekistan<\/cite><\/blockquote><\/figure>\n\n\n\n<p><\/p>\n\n\n\n<h6><p>Depuis longtemps, j&rsquo;ai eu envie de faire un saut dans le pass\u00e9 pour faire un contre-pied aux appareils photos actuels &lsquo;bourr\u00e9s&rsquo; de technologie.<\/p>\n\n\n\n<p><\/p>\n\n\n\n<p>J&rsquo;ai eu envie de revenir \u00e0 l&rsquo;essentiel de la photographie et de revenir aux r\u00e9glages de base (ouverture, vitesse, sensibilit\u00e9).<\/p>\n\n\n\n<p><\/p>\n\n\n\n<p>Cette d\u00e9marche demande une autre approche de la photographie.<\/p>\n\n\n\n<p><\/p>\n\n\n\n<p>Il faut ralentir son rythme, se poser, regarder autour de soi, s&rsquo;impr\u00e9gner de la lumi\u00e8re et de l&rsquo;ambiance et se poser devant un endroit qui nous parle.<\/p>\n\n\n\n<p><\/p>\n\n\n\n<p>J&rsquo;ai surtout eu envie de retrouver le charme des vieilles photos argentique qui contiennent du <a href=\"https:\/\/histoires-de-photos.com\/2013\/04\/19\/je-prefere-le-grain-argentique-au-bruit-numerique\/\">grain<\/a>.<\/p>\n\n\n\n<p>Un peu comme les photos prises \u00e0 la fin de la vid\u00e9o vue sur la chaine Youtube :  <\/p>\n\n\n\n<figure class=\"wp-block-embed is-type-video is-provider-youtube wp-block-embed-youtube wp-embed-aspect-16-9 wp-has-aspect-ratio\"><div class=\"wp-block-embed__wrapper\">\n<span class=\"embed-youtube\" style=\"text-align:center; display: block;\"><iframe loading=\"lazy\" class=\"youtube-player\" width=\"700\" height=\"394\" src=\"https:\/\/www.youtube.com\/embed\/aSTkY9CStXg?version=3&#038;rel=1&#038;showsearch=0&#038;showinfo=1&#038;iv_load_policy=1&#038;fs=1&#038;hl=fr-FR&#038;autohide=2&#038;wmode=transparent\" allowfullscreen=\"true\" style=\"border:0;\" sandbox=\"allow-scripts allow-same-origin allow-popups allow-presentation allow-popups-to-escape-sandbox\"><\/iframe><\/span>\n<\/div><\/figure>\n\n\n\n<p><\/p>\n\n\n\n<p><\/p>\n\n\n\n<p><\/p>\n","protected":false},"excerpt":{"rendered":"<p>KIEV 88 J&rsquo;ai craqu\u00e9 pour cet appareil moyen format qui a eu une vie anterieure en uzbekistan Depuis longtemps, j&rsquo;ai eu envie de faire un saut dans le pass\u00e9 pour faire un contre-pied aux appareils photos actuels &lsquo;bourr\u00e9s&rsquo; de technologie. J&rsquo;ai eu envie de revenir \u00e0 l&rsquo;essentiel de la photographie et de revenir aux r\u00e9glages [&hellip;]<\/p>\n","protected":false},"author":1,"featured_media":0,"parent":0,"menu_order":0,"comment_status":"closed","ping_status":"closed","template":"","meta":{"jetpack_post_was_ever_published":false,"footnotes":""},"class_list":["post-550","page","type-page","status-publish","hentry","post","no-featured-image"],"jetpack_sharing_enabled":true,"jetpack_shortlink":"https:\/\/wp.me\/P5m6W4-8S","_links":{"self":[{"href":"https:\/\/www.pixelnubium.be\/index.php?rest_route=\/wp\/v2\/pages\/550","targetHints":{"allow":["GET"]}}],"collection":[{"href":"https:\/\/www.pixelnubium.be\/index.php?rest_route=\/wp\/v2\/pages"}],"about":[{"href":"https:\/\/www.pixelnubium.be\/index.php?rest_route=\/wp\/v2\/types\/page"}],"author":[{"embeddable":true,"href":"https:\/\/www.pixelnubium.be\/index.php?rest_route=\/wp\/v2\/users\/1"}],"replies":[{"embeddable":true,"href":"https:\/\/www.pixelnubium.be\/index.php?rest_route=%2Fwp%2Fv2%2Fcomments&post=550"}],"version-history":[{"count":11,"href":"https:\/\/www.pixelnubium.be\/index.php?rest_route=\/wp\/v2\/pages\/550\/revisions"}],"predecessor-version":[{"id":2348,"href":"https:\/\/www.pixelnubium.be\/index.php?rest_route=\/wp\/v2\/pages\/550\/revisions\/2348"}],"wp:attachment":[{"href":"https:\/\/www.pixelnubium.be\/index.php?rest_route=%2Fwp%2Fv2%2Fmedia&parent=550"}],"curies":[{"name":"wp","href":"https:\/\/api.w.org\/{rel}","templated":true}]}}